{"id":1606,"date":"2016-02-05T16:34:49","date_gmt":"2016-02-05T16:34:49","guid":{"rendered":"http:\/\/www.aplast.fr\/?page_id=1606"},"modified":"2016-02-15T15:23:44","modified_gmt":"2016-02-15T15:23:44","slug":"pc-2","status":"publish","type":"page","link":"https:\/\/www.aplast.fr\/index.php\/produits\/matieres\/pc-2\/","title":{"rendered":"PC"},"content":{"rendered":"<p>Le <strong>Polycarbonate<\/strong> est un thermoplastique amorphe. Le <strong>PC<\/strong> poss\u00e8de une tr\u00e8s bonne r\u00e9sistance aux chocs et une tr\u00e8s bonne transmission lumineuse. Le <strong>PC<\/strong> r\u00e9siste bien aux basses et hautes temp\u00e9ratures (-150\u00b0C \u00e0 + 135\u00b0C). Il est tr\u00e8s utilis\u00e9 dans les applications a\u00e9ronautiques. Notre proc\u00e9d\u00e9 de transformation permet de conserver\u00a0l&rsquo;agr\u00e9ment UL94V0.<\/p>\n<p>N&rsquo;h\u00e9sitez pas \u00e0 nous contacter pour conna\u00eetre tous nos grades. Voici une liste non exhaustive de nos grades de <b>PC<\/b>\u00a0:<\/p>\n","protected":false},"excerpt":{"rendered":"<p>Le Polycarbonate est un thermoplastique amorphe. Le PC poss\u00e8de une tr\u00e8s bonne r\u00e9sistance aux chocs et une tr\u00e8s bonne transmission lumineuse. Le PC r\u00e9siste bien aux basses et hautes temp\u00e9ratures (-150\u00b0C \u00e0 + 135\u00b0C). Il est tr\u00e8s utilis\u00e9 dans les applications a\u00e9ronautiques. Notre proc\u00e9d\u00e9 de transformation permet de conserver\u00a0l&rsquo;agr\u00e9ment UL94V0. N&rsquo;h\u00e9sitez pas \u00e0 nous contacter [&hellip;]<\/p>\n","protected":false},"author":1,"featured_media":0,"parent":35,"menu_order":0,"comment_status":"closed","ping_status":"closed","template":"page-produit.php","meta":{"_acf_changed":false,"footnotes":""},"class_list":["post-1606","page","type-page","status-publish","hentry"],"acf":[],"_links":{"self":[{"href":"https:\/\/www.aplast.fr\/index.php\/wp-json\/wp\/v2\/pages\/1606","targetHints":{"allow":["GET"]}}],"collection":[{"href":"https:\/\/www.aplast.fr\/index.php\/wp-json\/wp\/v2\/pages"}],"about":[{"href":"https:\/\/www.aplast.fr\/index.php\/wp-json\/wp\/v2\/types\/page"}],"author":[{"embeddable":true,"href":"https:\/\/www.aplast.fr\/index.php\/wp-json\/wp\/v2\/users\/1"}],"replies":[{"embeddable":true,"href":"https:\/\/www.aplast.fr\/index.php\/wp-json\/wp\/v2\/comments?post=1606"}],"version-history":[{"count":10,"href":"https:\/\/www.aplast.fr\/index.php\/wp-json\/wp\/v2\/pages\/1606\/revisions"}],"predecessor-version":[{"id":2000,"href":"https:\/\/www.aplast.fr\/index.php\/wp-json\/wp\/v2\/pages\/1606\/revisions\/2000"}],"up":[{"embeddable":true,"href":"https:\/\/www.aplast.fr\/index.php\/wp-json\/wp\/v2\/pages\/35"}],"wp:attachment":[{"href":"https:\/\/www.aplast.fr\/index.php\/wp-json\/wp\/v2\/media?parent=1606"}],"curies":[{"name":"wp","href":"https:\/\/api.w.org\/{rel}","templated":true}]}}