{"id":1594,"date":"2016-02-05T16:32:50","date_gmt":"2016-02-05T16:32:50","guid":{"rendered":"http:\/\/www.aplast.fr\/?page_id=1594"},"modified":"2016-02-15T15:15:14","modified_gmt":"2016-02-15T15:15:14","slug":"ectfe-2","status":"publish","type":"page","link":"https:\/\/www.aplast.fr\/index.php\/produits\/matieres\/ectfe-2\/","title":{"rendered":"ECTFE"},"content":{"rendered":"<p>L&rsquo;<strong>EthyleneChloroTriFluoroEthyl\u00e8ne<\/strong> est un copolym\u00e8re semi-cristallin. L&rsquo;<strong>ECTFE<\/strong> a une tr\u00e8s bonne r\u00e9sistance chimique et des propri\u00e9t\u00e9s di\u00e9lectriques exceptionnelles. Cette mati\u00e8re est utilis\u00e9 dans l&rsquo;industrie du semi-conducteur pour\u00a0sa haute puret\u00e9.<\/p>\n<p>N&rsquo;h\u00e9sitez pas \u00e0 nous contacter pour conna\u00eetre tous nos grades. Voici une liste non exhaustive de nos grades de <b>ECTFE<\/b>\u00a0:<\/p>\n","protected":false},"excerpt":{"rendered":"<p>L&rsquo;EthyleneChloroTriFluoroEthyl\u00e8ne est un copolym\u00e8re semi-cristallin. L&rsquo;ECTFE a une tr\u00e8s bonne r\u00e9sistance chimique et des propri\u00e9t\u00e9s di\u00e9lectriques exceptionnelles. Cette mati\u00e8re est utilis\u00e9 dans l&rsquo;industrie du semi-conducteur pour\u00a0sa haute puret\u00e9. N&rsquo;h\u00e9sitez pas \u00e0 nous contacter pour conna\u00eetre tous nos grades. Voici une liste non exhaustive de nos grades de ECTFE\u00a0:<\/p>\n","protected":false},"author":1,"featured_media":0,"parent":35,"menu_order":0,"comment_status":"closed","ping_status":"closed","template":"page-produit.php","meta":{"_acf_changed":false,"footnotes":""},"class_list":["post-1594","page","type-page","status-publish","hentry"],"acf":[],"_links":{"self":[{"href":"https:\/\/www.aplast.fr\/index.php\/wp-json\/wp\/v2\/pages\/1594","targetHints":{"allow":["GET"]}}],"collection":[{"href":"https:\/\/www.aplast.fr\/index.php\/wp-json\/wp\/v2\/pages"}],"about":[{"href":"https:\/\/www.aplast.fr\/index.php\/wp-json\/wp\/v2\/types\/page"}],"author":[{"embeddable":true,"href":"https:\/\/www.aplast.fr\/index.php\/wp-json\/wp\/v2\/users\/1"}],"replies":[{"embeddable":true,"href":"https:\/\/www.aplast.fr\/index.php\/wp-json\/wp\/v2\/comments?post=1594"}],"version-history":[{"count":10,"href":"https:\/\/www.aplast.fr\/index.php\/wp-json\/wp\/v2\/pages\/1594\/revisions"}],"predecessor-version":[{"id":1997,"href":"https:\/\/www.aplast.fr\/index.php\/wp-json\/wp\/v2\/pages\/1594\/revisions\/1997"}],"up":[{"embeddable":true,"href":"https:\/\/www.aplast.fr\/index.php\/wp-json\/wp\/v2\/pages\/35"}],"wp:attachment":[{"href":"https:\/\/www.aplast.fr\/index.php\/wp-json\/wp\/v2\/media?parent=1594"}],"curies":[{"name":"wp","href":"https:\/\/api.w.org\/{rel}","templated":true}]}}