{"id":1356,"date":"2016-02-02T09:51:17","date_gmt":"2016-02-02T09:51:17","guid":{"rendered":"http:\/\/www.aplast.fr\/?page_id=1356"},"modified":"2016-03-07T09:02:11","modified_gmt":"2016-03-07T09:02:11","slug":"agrements","status":"publish","type":"page","link":"https:\/\/www.aplast.fr\/index.php\/expertise-technique\/qualite\/agrements\/","title":{"rendered":"Agr\u00e9ments"},"content":{"rendered":"<p style=\"text-align: justify;\"><strong>APLAST<\/strong> propose des semi-produits\u00a0pour de nombreux secteurs d&rsquo;activit\u00e9 n\u00e9cessitant des grades sp\u00e9cifiques. Notre expertise technique et notre connaissance des producteurs de mati\u00e8res nous permettent de cibler les grades r\u00e9pondant \u00e0 vos besoins.<\/p>\n<p style=\"text-align: justify;\">Nous\u00a0pouvons vous proposer les grades disposant\u00a0des agr\u00e9ments suivants :<\/p>\n<ul style=\"text-align: justify;\">\n<li>Contact alimentaire (Norme FDA, Norme CE 1935\/2004&#8230;)<\/li>\n<li>Bio-compatibilit\u00e9 <strong>non implantable<\/strong> (Norme ISO 10993, Norme USP Class VI)<\/li>\n<li>Contact avec l&rsquo;eau potable (KTW, WRAS&#8230;)<\/li>\n<li>Inflammabilit\u00e9 (UL94, BAM&#8230;)<\/li>\n<\/ul>\n<p style=\"text-align: justify;\">N\u2019h\u00e9sitez pas \u00e0 prendre contact avec notre \u00e9quipe commerciale pour\u00a0d&rsquo;autres agr\u00e9ments.<\/p>\n","protected":false},"excerpt":{"rendered":"<p>APLAST propose des semi-produits\u00a0pour de nombreux secteurs d&rsquo;activit\u00e9 n\u00e9cessitant des grades sp\u00e9cifiques. Notre expertise technique et notre connaissance des producteurs de mati\u00e8res nous permettent de cibler les grades r\u00e9pondant \u00e0 vos besoins. Nous\u00a0pouvons vous proposer les grades disposant\u00a0des agr\u00e9ments suivants : Contact alimentaire (Norme FDA, Norme CE 1935\/2004&#8230;) Bio-compatibilit\u00e9 non implantable (Norme ISO 10993, Norme [&hellip;]<\/p>\n","protected":false},"author":1,"featured_media":0,"parent":1333,"menu_order":0,"comment_status":"closed","ping_status":"closed","template":"page-produit-semi-fini.php","meta":{"_acf_changed":false,"footnotes":""},"class_list":["post-1356","page","type-page","status-publish","hentry"],"acf":[],"_links":{"self":[{"href":"https:\/\/www.aplast.fr\/index.php\/wp-json\/wp\/v2\/pages\/1356","targetHints":{"allow":["GET"]}}],"collection":[{"href":"https:\/\/www.aplast.fr\/index.php\/wp-json\/wp\/v2\/pages"}],"about":[{"href":"https:\/\/www.aplast.fr\/index.php\/wp-json\/wp\/v2\/types\/page"}],"author":[{"embeddable":true,"href":"https:\/\/www.aplast.fr\/index.php\/wp-json\/wp\/v2\/users\/1"}],"replies":[{"embeddable":true,"href":"https:\/\/www.aplast.fr\/index.php\/wp-json\/wp\/v2\/comments?post=1356"}],"version-history":[{"count":6,"href":"https:\/\/www.aplast.fr\/index.php\/wp-json\/wp\/v2\/pages\/1356\/revisions"}],"predecessor-version":[{"id":2170,"href":"https:\/\/www.aplast.fr\/index.php\/wp-json\/wp\/v2\/pages\/1356\/revisions\/2170"}],"up":[{"embeddable":true,"href":"https:\/\/www.aplast.fr\/index.php\/wp-json\/wp\/v2\/pages\/1333"}],"wp:attachment":[{"href":"https:\/\/www.aplast.fr\/index.php\/wp-json\/wp\/v2\/media?parent=1356"}],"curies":[{"name":"wp","href":"https:\/\/api.w.org\/{rel}","templated":true}]}}