{"id":1136,"date":"2016-01-22T08:52:11","date_gmt":"2016-01-22T08:52:11","guid":{"rendered":"http:\/\/www.aplast.fr\/index.php\/services-ingenierie\/barres-rondes\/"},"modified":"2023-07-03T13:26:40","modified_gmt":"2023-07-03T13:26:40","slug":"barres-rondes","status":"publish","type":"page","link":"https:\/\/www.aplast.fr\/index.php\/produits\/produits-semi-finis\/barres-rondes\/","title":{"rendered":"Barres rondes"},"content":{"rendered":"<p style=\"text-align: justify;\"><strong>APLAST<\/strong> propose des semi-produits\u00a0selon le proc\u00e9d\u00e9\u00a0<strong>EXTRUSION-COMPRESSION<\/strong>. Toutes nos barres rondes subissent un traitement thermique afin d&rsquo;\u00e9liminer les contraintes internes r\u00e9siduelles li\u00e9es au moulage.\u00a0Le traitement thermique permet de respecter\u00a0des tol\u00e9rances tr\u00e8s \u00e9troites.<\/p>\n<p style=\"text-align: justify;\">Gr\u00e2ce \u00e0 notre atelier de d\u00e9coupe, nous pouvons vous proposer des barres rondes proches de vos cotes finies.<\/p>\n<p><a href=\"https:\/\/www.aplast.fr\/wp-content\/uploads\/2023\/07\/BarresTab-FR-3.png\"><img loading=\"lazy\" decoding=\"async\" class=\"alignnone wp-image-2400 size-large\" src=\"https:\/\/www.aplast.fr\/wp-content\/uploads\/2023\/07\/BarresTab-FR-3-1024x242.png\" alt=\"\" width=\"1024\" height=\"242\" srcset=\"https:\/\/www.aplast.fr\/wp-content\/uploads\/2023\/07\/BarresTab-FR-3-1024x242.png 1024w, https:\/\/www.aplast.fr\/wp-content\/uploads\/2023\/07\/BarresTab-FR-3-300x71.png 300w, https:\/\/www.aplast.fr\/wp-content\/uploads\/2023\/07\/BarresTab-FR-3-768x182.png 768w, https:\/\/www.aplast.fr\/wp-content\/uploads\/2023\/07\/BarresTab-FR-3-160x38.png 160w, https:\/\/www.aplast.fr\/wp-content\/uploads\/2023\/07\/BarresTab-FR-3-100x24.png 100w, https:\/\/www.aplast.fr\/wp-content\/uploads\/2023\/07\/BarresTab-FR-3-22x5.png 22w, https:\/\/www.aplast.fr\/wp-content\/uploads\/2023\/07\/BarresTab-FR-3.png 1480w\" sizes=\"auto, (max-width: 1024px) 100vw, 1024px\" \/><\/a><\/p>\n<p style=\"text-align: justify;\"><a href=\"https:\/\/www.aplast.fr\/wp-content\/uploads\/2016\/02\/Aplast.BarresRondes..pdf\" rel=\"\">T\u00e9l\u00e9chargement de notre fiche produit<\/a><\/p>\n","protected":false},"excerpt":{"rendered":"<p>APLAST propose des semi-produits\u00a0selon le proc\u00e9d\u00e9\u00a0EXTRUSION-COMPRESSION. Toutes nos barres rondes subissent un traitement thermique afin d&rsquo;\u00e9liminer les contraintes internes r\u00e9siduelles li\u00e9es au moulage.\u00a0Le traitement thermique permet de respecter\u00a0des tol\u00e9rances tr\u00e8s \u00e9troites. Gr\u00e2ce \u00e0 notre atelier de d\u00e9coupe, nous pouvons vous proposer des barres rondes proches de vos cotes finies. T\u00e9l\u00e9chargement de notre fiche produit<\/p>\n","protected":false},"author":1,"featured_media":0,"parent":37,"menu_order":1,"comment_status":"closed","ping_status":"closed","template":"page-produit-semi-fini.php","meta":{"_acf_changed":false,"footnotes":""},"class_list":["post-1136","page","type-page","status-publish","hentry"],"acf":[],"_links":{"self":[{"href":"https:\/\/www.aplast.fr\/index.php\/wp-json\/wp\/v2\/pages\/1136","targetHints":{"allow":["GET"]}}],"collection":[{"href":"https:\/\/www.aplast.fr\/index.php\/wp-json\/wp\/v2\/pages"}],"about":[{"href":"https:\/\/www.aplast.fr\/index.php\/wp-json\/wp\/v2\/types\/page"}],"author":[{"embeddable":true,"href":"https:\/\/www.aplast.fr\/index.php\/wp-json\/wp\/v2\/users\/1"}],"replies":[{"embeddable":true,"href":"https:\/\/www.aplast.fr\/index.php\/wp-json\/wp\/v2\/comments?post=1136"}],"version-history":[{"count":24,"href":"https:\/\/www.aplast.fr\/index.php\/wp-json\/wp\/v2\/pages\/1136\/revisions"}],"predecessor-version":[{"id":2401,"href":"https:\/\/www.aplast.fr\/index.php\/wp-json\/wp\/v2\/pages\/1136\/revisions\/2401"}],"up":[{"embeddable":true,"href":"https:\/\/www.aplast.fr\/index.php\/wp-json\/wp\/v2\/pages\/37"}],"wp:attachment":[{"href":"https:\/\/www.aplast.fr\/index.php\/wp-json\/wp\/v2\/media?parent=1136"}],"curies":[{"name":"wp","href":"https:\/\/api.w.org\/{rel}","templated":true}]}}