{"id":1113,"date":"2016-01-22T08:48:44","date_gmt":"2016-01-22T08:48:44","guid":{"rendered":"http:\/\/www.aplast.fr\/?page_id=1113"},"modified":"2016-03-07T08:58:18","modified_gmt":"2016-03-07T08:58:18","slug":"semi-conducteurs","status":"publish","type":"page","link":"https:\/\/www.aplast.fr\/index.php\/activites\/semi-conducteurs\/","title":{"rendered":"Semi conducteurs"},"content":{"rendered":"<p style=\"text-align: justify;\">Le march\u00e9 des semi-conducteurs\u00a0utilise particuli\u00e8rement des mati\u00e8res fluor\u00e9es pour leur\u00a0haute puret\u00e9 et pour leurs excellentes\u00a0r\u00e9sistances chimiques.<\/p>\n<p style=\"text-align: justify;\"><strong>APLAST<\/strong> propose des semi-produits\u00a0pour des applications telles que :<\/p>\n<ul style=\"text-align: justify;\">\n<li>Composants de pompes<\/li>\n<li>Composants de tuyauterie haute puret\u00e9<\/li>\n<li>Composants de Wafers<\/li>\n<li>Bacs<\/li>\n<li>Filtres<\/li>\n<\/ul>\n<p style=\"text-align: justify;\">Nous disposons\u00a0de nombreux retours <strong>d\u2019exp\u00e9riences<\/strong> sur de multiples <strong>applications<\/strong> dans ce secteur et proposons\u00a0de vous en faire b\u00e9n\u00e9ficier. Apr\u00e8s une \u00e9tude pr\u00e9cise de\u00a0vos besoins, nous\u00a0serons en mesure de vous\u00a0offrir des solutions\u00a0<strong>p\u00e9rennes<\/strong>,\u00a0<strong>fiables<\/strong>\u00a0et <strong>\u00e9conomiquement avantageuses<\/strong>.<\/p>\n<p style=\"text-align: justify;\">N\u2019h\u00e9sitez pas \u00e0 prendre contact avec notre \u00e9quipe commerciale pour \u00e9changer sur votre projet.<\/p>\n","protected":false},"excerpt":{"rendered":"<p>Le march\u00e9 des semi-conducteurs\u00a0utilise particuli\u00e8rement des mati\u00e8res fluor\u00e9es pour leur\u00a0haute puret\u00e9 et pour leurs excellentes\u00a0r\u00e9sistances chimiques. APLAST propose des semi-produits\u00a0pour des applications telles que : Composants de pompes Composants de tuyauterie haute puret\u00e9 Composants de Wafers Bacs Filtres Nous disposons\u00a0de nombreux retours d\u2019exp\u00e9riences sur de multiples applications dans ce secteur et proposons\u00a0de vous en faire [&hellip;]<\/p>\n","protected":false},"author":1,"featured_media":0,"parent":33,"menu_order":0,"comment_status":"closed","ping_status":"closed","template":"","meta":{"_acf_changed":false,"footnotes":""},"class_list":["post-1113","page","type-page","status-publish","hentry"],"acf":[],"_links":{"self":[{"href":"https:\/\/www.aplast.fr\/index.php\/wp-json\/wp\/v2\/pages\/1113","targetHints":{"allow":["GET"]}}],"collection":[{"href":"https:\/\/www.aplast.fr\/index.php\/wp-json\/wp\/v2\/pages"}],"about":[{"href":"https:\/\/www.aplast.fr\/index.php\/wp-json\/wp\/v2\/types\/page"}],"author":[{"embeddable":true,"href":"https:\/\/www.aplast.fr\/index.php\/wp-json\/wp\/v2\/users\/1"}],"replies":[{"embeddable":true,"href":"https:\/\/www.aplast.fr\/index.php\/wp-json\/wp\/v2\/comments?post=1113"}],"version-history":[{"count":15,"href":"https:\/\/www.aplast.fr\/index.php\/wp-json\/wp\/v2\/pages\/1113\/revisions"}],"predecessor-version":[{"id":2164,"href":"https:\/\/www.aplast.fr\/index.php\/wp-json\/wp\/v2\/pages\/1113\/revisions\/2164"}],"up":[{"embeddable":true,"href":"https:\/\/www.aplast.fr\/index.php\/wp-json\/wp\/v2\/pages\/33"}],"wp:attachment":[{"href":"https:\/\/www.aplast.fr\/index.php\/wp-json\/wp\/v2\/media?parent=1113"}],"curies":[{"name":"wp","href":"https:\/\/api.w.org\/{rel}","templated":true}]}}