{"id":1111,"date":"2016-01-22T08:48:33","date_gmt":"2016-01-22T08:48:33","guid":{"rendered":"http:\/\/www.aplast.fr\/?page_id=1111"},"modified":"2016-03-07T08:57:42","modified_gmt":"2016-03-07T08:57:42","slug":"offshore","status":"publish","type":"page","link":"https:\/\/www.aplast.fr\/index.php\/activites\/offshore\/","title":{"rendered":"Offshore"},"content":{"rendered":"<p style=\"text-align: justify;\">Le march\u00e9 \u00ab\u00a0Oil and Gas\u00a0\u00bb utilise des mati\u00e8res plastiques pour leur bon coefficient de frottement,\u00a0leur bonne\u00a0r\u00e9sistance \u00e0 la corrosion dans\u00a0des conditions d&rsquo;utilisation tr\u00e8s s\u00e9v\u00e8res.<\/p>\n<p style=\"text-align: justify;\"><strong>APLAST<\/strong> propose des semi-produits\u00a0pour des applications telles que :<\/p>\n<ul style=\"text-align: justify;\">\n<li>Connecteurs pour la recherche p\u00e9troli\u00e8re<\/li>\n<li>Connecteurs optiques et signaux<\/li>\n<li>Guides<\/li>\n<li>Composants de capteurs<\/li>\n<li>Joints d&rsquo;\u00e9tanch\u00e9it\u00e9<\/li>\n<\/ul>\n<p style=\"text-align: justify;\">Nous disposons\u00a0de nombreux retours <strong>d\u2019exp\u00e9riences<\/strong> sur de multiples <strong>applications<\/strong> dans ce secteur et proposons\u00a0de vous en faire b\u00e9n\u00e9ficier. Apr\u00e8s une \u00e9tude pr\u00e9cise de\u00a0vos besoins, nous\u00a0serons en mesure de vous\u00a0offrir des solutions\u00a0<strong>p\u00e9rennes<\/strong>,\u00a0<strong>fiables<\/strong>\u00a0et <strong>\u00e9conomiquement avantageuses<\/strong>.<\/p>\n<p style=\"text-align: justify;\">N\u2019h\u00e9sitez pas \u00e0 prendre contact avec notre \u00e9quipe commerciale pour \u00e9changer sur votre projet.<\/p>\n","protected":false},"excerpt":{"rendered":"<p>Le march\u00e9 \u00ab\u00a0Oil and Gas\u00a0\u00bb utilise des mati\u00e8res plastiques pour leur bon coefficient de frottement,\u00a0leur bonne\u00a0r\u00e9sistance \u00e0 la corrosion dans\u00a0des conditions d&rsquo;utilisation tr\u00e8s s\u00e9v\u00e8res. APLAST propose des semi-produits\u00a0pour des applications telles que : Connecteurs pour la recherche p\u00e9troli\u00e8re Connecteurs optiques et signaux Guides Composants de capteurs Joints d&rsquo;\u00e9tanch\u00e9it\u00e9 Nous disposons\u00a0de nombreux retours d\u2019exp\u00e9riences sur de [&hellip;]<\/p>\n","protected":false},"author":1,"featured_media":0,"parent":33,"menu_order":0,"comment_status":"closed","ping_status":"closed","template":"","meta":{"_acf_changed":false,"footnotes":""},"class_list":["post-1111","page","type-page","status-publish","hentry"],"acf":[],"_links":{"self":[{"href":"https:\/\/www.aplast.fr\/index.php\/wp-json\/wp\/v2\/pages\/1111","targetHints":{"allow":["GET"]}}],"collection":[{"href":"https:\/\/www.aplast.fr\/index.php\/wp-json\/wp\/v2\/pages"}],"about":[{"href":"https:\/\/www.aplast.fr\/index.php\/wp-json\/wp\/v2\/types\/page"}],"author":[{"embeddable":true,"href":"https:\/\/www.aplast.fr\/index.php\/wp-json\/wp\/v2\/users\/1"}],"replies":[{"embeddable":true,"href":"https:\/\/www.aplast.fr\/index.php\/wp-json\/wp\/v2\/comments?post=1111"}],"version-history":[{"count":17,"href":"https:\/\/www.aplast.fr\/index.php\/wp-json\/wp\/v2\/pages\/1111\/revisions"}],"predecessor-version":[{"id":2163,"href":"https:\/\/www.aplast.fr\/index.php\/wp-json\/wp\/v2\/pages\/1111\/revisions\/2163"}],"up":[{"embeddable":true,"href":"https:\/\/www.aplast.fr\/index.php\/wp-json\/wp\/v2\/pages\/33"}],"wp:attachment":[{"href":"https:\/\/www.aplast.fr\/index.php\/wp-json\/wp\/v2\/media?parent=1111"}],"curies":[{"name":"wp","href":"https:\/\/api.w.org\/{rel}","templated":true}]}}